ime number?
True
Is 2296643 a prime number?
True
Is 7327049 prime?
False
Is 27495827 a prime number?
True
Is 61564943 a prime number?
False
Is 13094057 prime?
True
Is 24239653 a prime number?
True
Is 34533901 a prime number?
True
Is 40042339 a composite number?
False
Is 2242749 composite?
True
Is 762757 composite?
True
Is 57501073 prime?
False
Is 1075189 prime?
False
Is 16473137 prime?
False
Is 9496153 prime?
True
Is 694042541 a composite number?
False
Is 30557039 a composite number?
True
Is 3197321 a prime number?
True
Is 163268047 composite?
False
Is 34877023 composite?
False
Is 91842577 prime?
True
Is 3603277 prime?
True
Is 164527 a prime number?
False
Is 6409267 composite?
False
Is 3676121 a composite number?
True
Is 7712855 a composite number?
True
Is 459764215 prime?
False
Is 377878049 prime?
False
Is 16574539 a prime number?
True
Is 4719317 composite?
True
Is 57843167 a prime number?
True
Is 3601603 a composite number?
True
Is 119289529 a composite number?
False
Is 107900269 a prime number?
False
Is 3044303 prime?
False
Is 3340079 composite?
False
Is 103992557 a prime number?
False
Is 16662949 composite?
False
Is 3131283 prime?
False
Is 10311193 prime?
True
Is 2451311 a prime number?
True
Is 6461203 a composite number?
True
Is 678337201 a composite number?
False
Is 78368429 composite?
True
Is 1451569 a prime number?
False
Is 11652049 a composite number?
False
Is 17295191 a composite number?
True
Is 7363039 prime?
True
Is 315617423 prime?
False
Is 9801669 composite?
True
Is 237799 a composite number?
True
Is 2059559 prime?
False
Is 101924143 a prime number?
True
Is 84162893 a composite number?
True
Is 36043721 composite?
True
Is 587011219 a prime number?
True
Is 10337179 composite?
False
Is 8927923 prime?
False
Is 138358487 a composite number?
True
Is 2565643 a composite number?
False
Is 990151 prime?
True
Is 687767 prime?
True
Is 11185481 a prime number?
False
Is 6585977 composite?
True
Is 11107329 prime?
False
Is 4768307 a composite number?
False
Is 1284719 prime?
False
Is 87959759 composite?
True
Is 5756197 a composite number?
False
Is 26914039 a composite number?
True
Is 23215597 composite?
False
Is 3476569 a prime number?
True
Is 1297232171 prime?
True
Is 809549 composite?
True
Is 432429157 prime?
False
Is 120622793 a prime number?
True
Is 3038779 prime?
True
Is 67218733 a composite number?
False
Is 97363571 composite?
True
Is 25582703 prime?
True
Is 651057907 a prime number?
True
Is 1125121 a composite number?
False
Is 3415541 a prime number?
True
Is 804373 composite?
True
Is 978331919 a prime number?
True
Is 2694959 prime?
False
Is 1865339 a prime number?
False
Is 41707361 prime?
True
Is 730698677 prime?
True
Is 3294169 a prime number?
True
Is 71730203 prime?
True
Is 238468519 a composite number?
False
Is 69012803 a composite number?
False
Is 10766333 prime?
True
Is 245025731 a composite number?
True
Is 4731439 composite?
False
Is 2316617 a composite number?
False
Is 499947163 prime?
True
Is 1331431 composite?
False
Is 4529509 composite?
False
Is 29324519 a prime number?
False
Is 61566581 a composite number?
True
Is 53369383 prime?
False
Is 5205583 a prime number?
True
Is 2307467 a composite number?
False
Is 5234569 a prime number?
True
Is 285619441 a prime number?
False
Is 522553 a composite number?
False
Is 74309603 prime?
False
Is 6415415 composite?
True
Is 338690383 a composite number?
False
Is 1559647 composite?
False
Is 16123097 a composite number?
False
Is 57268339 composite?
True
Is 255395597 composite?
False
Is 19718369 a prime number?
False
Is 64963807 a prime number?
False
Is 175510061 composite?
False
Is 11070674 a prime number?
False
Is 466938559 a prime number?
True
Is 25015006 a prime number?
False
Is 66732881 composite?
False
Is 3861581 prime?
True
Is 675709 prime?
False
Is 460179581 a prime number?
True
Is 17017579 a composite number?
False
Is 61269389 a prime number?
True
Is 18968627 a prime number?
True
Is 17771651 prime?
True
Is 8247451 a composite number?
False
Is 1131613 prime?
False
Is 7037245 a composite number?
True
Is 78393553 a composite number?
True
Is 5353597 a prime number?
True
Is 29086441 composite?
False
Is 46971571 a prime number?
False
Is 4614341 a composite number?
False
Is 2410897 a composite number?
False
Is 105701 composite?
False
Is 69142721 a prime number?
True
Is 1687663 prime?
False
Is 21370259 prime?
False
Is 3722801 a composite number?
False
Is 55972519 a composite number?
True
Is 665853127 prime?
False
Is 1145647 prime?
False
Is 360614291 composite?
True
Is 3298367 prime?
True
Is 30266395 prime?
False
Is 1876451 a composite number?
False
Is 205267774 composite?
True
Is 6927367 composite?
True
Is 313008253 a prime number?
True
Is 12156769 a composite number?
True
Is 2581423 composite?
True
Is 1185799 a prime number?
False
Is 1216559 a composite number?
False
Is 307831987 composite?
False
Is 348461411 a prime number?
True
Is 37262345 a prime number?
False
Is 317277073 composite?
False
Is 33928077 a prime number?
False
Is 1210802 prime?
False
Is 75003763 composite?
False
Is 7040791 a prime number?
True
Is 291535111 prime?
False
Is 11014379 prime?
True
Is 69991589 a composite number?
True
Is 4567427 composite?
True
Is 119364053 prime?
True
Is 3085231 a composite number?
False
Is 17446309 composite?
False
Is 73918909 a prime number?
True
Is 5018369 a composite number?
False
Is 1372831 a prime number?
False
Is 17994623 composite?
False
Is 9437509 prime?
False
Is 51580271 a prime number?
True
Is 5193339 a composite number?
True
Is 8265713 a prime number?
True
Is 7640917 composite?
True
Is 7838951 composite?
False
Is 7959151 prime?
True
Is 102288869 prime?
True
Is 66699293 prime?
True
Is 686579 a composite number?
True
Is 14407381 a prime number?
False
Is 3556001 a prime number?
True
Is 95258069 a composite number?
True
Is 48228673 a prime number?
False
Is 167962813 a composite number?
True
Is 1095401 composite?
False
Is 519755 a composite number?
True
Is 4215254 a prime number?
False
Is 11097703 a prime number?
True
Is 81835849 composite?
False
Is 118421477 a composite number?
False
Is 7694527 a composite number?
False
Is 124067 a prime number?
True
Is 1073867 composite?
True
Is 26238827 composite?
False
Is 74050871 prime?
True
Is 11242457 prime?
False
Is 297348799 composite?
True
Is 76681493 composite?
True
Is 137615009 prime?
False
Is 226258313 a composite number?
False
Is 27532139 prime?
False
Is 135099281 composite?
True
Is 4752691 a composite number?
False
Is 4579501 composite?
False
Is 901229 composite?
True
Is 188422007 a composite number?
True
Is 2238817 a composite number?
True
Is 1964827 a composite number?
False
Is 54179747 composite?
False
Is 245499121 a composite number?
True
Is 1229633 prime?
True
Is 205134763 a composite number?
False
Is 2814659 a composite number?
True
Is 120699979 a composite number?
False
Is 212628953 prime?
True
Is 451786657 composite?
True
Is 10634011 prime?
True
Is 11683543 a prime number?
False
Is 661987 a prime number?
True
Is 587265227 composite?
False
Is 32954539 composite?
True
Is 299196707 prime?
True
Is 159610853 a prime number?
True
Is 6082847 a composite number?
True
Is 523751333 a prime number?
False
Is 19474033 prime?
True
Is 27075157 a composite number?
True
Is 97853467 a composite number?
False
Is 19421047 a composite number?
True
Is 33726799 a prime number?
True
Is 21850901 prime?
True
Is 1115267 composite?
False
Is 32754773 prime?
True
Is 66805267 a prime number?
True
Is 8138441 prime?
False
Is 7700789 a composite number?
False
Is 24162679 a prime number?
False
Is 38144163 prime?
False
Is 157881437 a prime number?
False
Is 30438809 a composite number?
True
Is 112198693 prime?
False
Is 88169 a prime number?
True
Is 100200349 a composite number?
True
Is 2286334 a prime number?
False
Is 1494973 a prime number?
True
Is 49474619 a composite number?
True
Is 936997 composite?
True
Is 6064827 composite?
True
Is 11900459 a prime number?
False
Is 178985 a prime number?
False
Is 44482717 prime?
True
Is 75520631 a prime number?
True
Is 6964313 a composite number?
False
Is 67869973 composite?
False
Is 3833033 composite?
False
Is 137383451 a prime number?
True
Is 7874921 prime?
False
Is 7164713 prime?
True
Is 114487003 a composite number?
True
Is 78